= 5*q - 30. Suppose l = 4*v - 3*v. What is the units digit of -3 + v + 17/1?
8
Let j(m) = 2*m + 9. Let i be j(0). What is the tens digit of i/15 - 387/(-5)?
7
Suppose 3*h - 377 - 185 = -z, z = 3*h + 574. What is the units digit of z?
8
Suppose -3*l - 21 = -75. Suppose 20*x - l*x = 102. What is the units digit of x?
1
Let s = 0 + 389. What is the units digit of s?
9
Suppose 5*c = -4*j + 9275, 3*c - 3*j - 3204 = 2334. What is the thousands digit of c?
1
Suppose h - 2*t - 13 = 0, -18 = -5*h + t + 11. Suppose 36 = h*l - 4. Let x(q) = -q**2 + 9*q - 2. What is the units digit of x(l)?
6
Let m(w) = -297*w + 152. What is the thousands digit of m(-10)?
3
Suppose 0*x + 2*x = -5*f + 19, -3 = -f. Let h(u) = 3 + 0*u**2 + u**x + 10 - 2*u - 18. What is the units digit of h(4)?
3
Let b = 5 + -2. Suppose u - b*p - 120 = 0, 6*u - u - 654 = -3*p. What is the hundreds digit of u?
1
Suppose 5*o = 5 - 30, 3*o = -5*n + 3595. What is the units digit of n?
2
Let b(h) = -h**3 + 6*h**2 + h - 5. Suppose n - 2*z = z + 2, -3*n = 3*z + 42. Let c(p) = -p**2 - 10*p + 4. Let s be c(n). What is the units digit of b(s)?
1
Let k(r) = 3*r - 4. Let f be k(2). Suppose n = -f*x + 2, -4 = -n + 3*n. Suppose -x*g = -g + 2*z - 5, -5*g + 13 = 4*z. What is the units digit of g?
1
Let y = 1499 - -775. What is the units digit of y?
4
Let p(b) = -b + 1. Let y(t) be the second derivative of -10*t**3/3 + 14*t**2 + 5*t. Let u(x) = -56*p(x) + 2*y(x). What is the tens digit of u(1)?
1
Suppose -29*d + 60 = -56. What is the units digit of d?
4
Suppose -3*l - 6 = -0*l, 2*g + 2*l = 0. Suppose -2*x = -g, -2*m + 203 = m - x. What is the units digit of m?
8
Suppose 9*p - 12*p - 3*n = -1602, -5*n + 5 = 0. What is the units digit of p?
3
Let x(m) be the first derivative of 25*m**3 + m**2/2 + 2*m - 2. What is the tens digit of x(-1)?
7
Let p(s) = -2*s**2 - 20*s - 19. Let d be p(-8). Let i(z) = -z**3 + 15*z**2 - 16*z - 31. What is the units digit of i(d)?
9
Let n be (-14)/21 - 2/6*-2. Suppose n = 2*b - 0*b - 108. What is the units digit of b?
4
Suppose -127*x = -163*x + 149508. What is the thousands digit of x?
4
Let c(z) = z**3 - z**2 - 15*z + 7. Let w be c(6). Suppose -4*b + 89 = -4*r + 469, 0 = r - 3*b - w. What is the units digit of r?
4
Let a be ((-14)/21)/(2/24). Let t be -1*(-59 + (a - -4)). Let p = 99 - t. What is the tens digit of p?
3
Suppose -2*y = 3*a - 164 - 57, -5*y - 2*a = -525. Let x = y - 47. What is the tens digit of x?
5
Let g = -122 - -124. Suppose 0*c = -5*c + g*x + 369, -x + 3 = 0. What is the tens digit of c?
7
What is the units digit of (-5)/(-15) + 1571/3?
4
Let q(g) = -3*g - 70. Let b(x) = -x - 1. Let m(p) = b(p) - q(p). What is the units digit of m(-12)?
5
Let q(i) = -i**3 + 3*i**2 + 3*i - 5. Let w be q(3). Let c = 185 - w. What is the hundreds digit of c?
1
Let u(k) = -9*k**3 + 7*k**2 + 9*k - 31. Let t(p) = -5*p**3 + 3*p**2 + 4*p - 16. Let d(o) = 5*t(o) - 3*u(o). What is the hundreds digit of d(6)?
1
Suppose -2*k - 1353 + 3641 = 0. What is the tens digit of k?
4
What is the thousands digit of 103/(-7) + 15 + 16628/14?
1
Let x(s) = -2*s - 13. Let b be x(-11). Suppose a + 0*a - b = 0. Let g = a - 6. What is the units digit of g?
3
Let f(j) = -j**2 - 9*j. Let o be f(-8). Suppose 10 = -5*d - 0, -5*d + 53 = -3*p. What is the units digit of (o/(-2))/(6/p)?
4
Let i(p) = -p**3 + 22*p**2 + 48*p + 7. What is the tens digit of i(23)?
8
Suppose 2*x = -x + 9. Suppose x*r = -r + 8. Suppose -4*h = 4*v - 88, -7*h - 90 = -3*v - r*h. What is the units digit of v?
5
Let j be 11/(33/(-216)) + -4. What is the tens digit of (j - -2)/(5 - 7)?
3
What is the hundreds digit of (-21)/(-77) - 43381/(-11)?
9
Let p be (1 + -1)/((6 - 11)/(-5)). Suppose p = 5*g + g - 828. What is the units digit of g?
8
Suppose 2*o = 7*o - 50. Let i(u) = u**2 - 3*u + 15. Let x be i(o). Suppose 0*a + 3*a + x = 2*k, 5*k = -a + 255. What is the units digit of k?
0
Let b(g) = -83*g**2 + 23*g - 10. Let x(r) = -21*r**2 + 6*r - 2. Let p(y) = 2*b(y) - 9*x(y). What is the tens digit of p(-3)?
2
Suppose 11*a - 2657 = 896. What is the units digit of a?
3
Suppose 5*m + 3*m = -976. Let u = m - -221. What is the tens digit of u?
9
Suppose -8*m + 4*m = -1948. What is the tens digit of m?
8
Let a be (-16)/112 + (-82)/14. What is the units digit of -3 + 1 - a*6?
4
What is the tens digit of (-9)/12 - (-2627)/4?
5
Let s = 14 + -9. Suppose 8*c - 3*c = -120. What is the units digit of (s/(-10))/(2/c)?
6
What is the hundreds digit of 56190/150 + (-4)/(-10)?
3
Let c(q) = 31*q**2 + q - 2 + 0*q + q + 1. Let n(d) = -93*d**2 - 7*d + 4. Let s(v) = 7*c(v) + 2*n(v). What is the units digit of s(-1)?
2
Let l = 245 - 10. What is the hundreds digit of l?
2
Suppose -4*w + 583 = -2065. What is the tens digit of w?
6
Let b(v) = v**3 + 8*v**2 + 10*v - 7. Let o be b(-5). Let d = 16 + o. What is the units digit of d?
4
Let l(k) = -k + 9. Let j be l(7). Suppose j*g + g = -5*u + 16, 8 = 4*g. Suppose -131 = -5*o + u*r, 4*r + 0*r = 3*o - 73. What is the tens digit of o?
2
Let d(t) = 2*t**3 - 15*t**2 - 3*t + 9. Let z(f) = -3*f**3 + 22*f**2 + 4*f - 14. Let b(p) = -8*d(p) - 5*z(p). What is the hundreds digit of b(7)?
1
Suppose 0 = 144*n - 150*n + 936. What is the tens digit of n?
5
Let l = -1118 + 1679. What is the hundreds digit of l?
5
Let c(r) = r**3 - 5*r**2 + 2*r - 8. Let n be c(5). Suppose -n*b - 168 = 5*b. What is the units digit of (b/(-10))/(1/5)?
2
Let f(h) = -h**2 - 4*h + 3. Let y be f(0). Suppose 88 = -y*x + 379. What is the tens digit of x?
9
Let s(f) = -9*f**2 + 325*f - 38. What is the hundreds digit of s(34)?
6
Let a(m) = -m**3 - 4*m**2 + 4*m - 3. Let w be a(-5). Let b be 2 - (0 - 2)/w. Suppose 1 = -5*s - 3*d + 8, 3*s - b*d - 9 = 0. What is the units digit of s?
2
Let k(v) = -v**2 + 18*v + 131. What is the tens digit of k(23)?
1
Suppose z + 5*w + 125 - 623 = 0, -5 = -5*w. What is the units digit of z?
3
Let u(y) = -y**3 + 4*y**2 - 2*y - 2. Let o be (-10)/45 - 58/(-18). Suppose 0 = -p + o - 0. What is the units digit of u(p)?
1
Let d(t) = -t**3 - 5*t**2 - 5*t + 2. Suppose -m + 4*m = -3. Let n = m - 4. What is the tens digit of d(n)?
2
Let o(x) = x**2 + 6*x + 2. Let g be o(-11). Let d = g + -29. What is the tens digit of d?
2
Let v = 52 - 20. Suppose u + 9*u = -170. Let k = v + u. What is the tens digit of k?
1
Suppose 3*r - 2*r - 11 = 0. Let u = r + -11. Suppose -4*b = 2*i - u*b - 48, -3*b + 24 = i. What is the tens digit of i?
2
Let d = 9 - 2. Let a(z) = -z**2 + 9*z + 11. What is the tens digit of a(d)?
2
Let b(o) = -5*o. Let h be b(-2). Let t(i) = 5*i**2 - 15. Let v(r) = 6*r**2 - 2*r - 16. Let x(z) = 7*t(z) - 6*v(z). What is the tens digit of x(h)?
1
Suppose -6*a + 689 = -547. What is the units digit of a?
6
Let a(v) = 4*v + 2*v + 9 + v + 9. What is the tens digit of a(5)?
5
Let n(f) = 4*f - 22. Let c(j) = 4*j - 23. Let v(t) = -4*c(t) + 5*n(t). What is the units digit of v(10)?
2
What is the hundreds digit of (2 + 7/(-7))/1 - -779?
7
Let x be -21 - -425 - 4/(-2). Let u = -271 + x. What is the units digit of u?
5
What is the tens digit of (405/(-36) + -1)*-292?
7
Suppose a - 2*a - 1608 = -4*m, 2*m + 3*a - 790 = 0. What is the hundreds digit of m?
4
Let d be (13 + -12)*(0 - 2410). What is the tens digit of (-2)/12 + d/(-60)?
4
Let w be (-54)/((-2)/(-1))*2. Let j = 13 + -49. Let r = j - w. What is the units digit of r?
8
Suppose 0 = 3*j - 15 + 6, 0 = -2*r + 3*j + 3663. What is the hundreds digit of r?
8
Suppose 0 = -2*u + 40 + 4. Suppose 0*y = 2*y - u. Let s = 57 - y. What is the units digit of s?
6
Let z(h) = h**3 - 5*h**2 + 2*h + 15. Let d(n) = -n**2 + n + 1. Let m(i) = -2*d(i) - z(i). What is the units digit of m(5)?
3
What is the units digit of ((-4)/8)/(1/(-8)) + 391?
5
Suppose 0 = x - 2*g + 9, g + 8 + 1 = -4*x. Let n = 8 + x. Suppose 2*v = 2*h + h + 66, -n*h = 4*v - 154. What is the units digit of v?
6
Let w(l) = l**3 - 5*l**2 + l - 3. Let i be w(5). Suppose i*g - 35 = g. Let y = g + -16. What is the units digit of y?
9
Suppose -2155 = 30*f - 25*f. Let i = -181 - f. What is the hundreds digit of i?
2
Suppose -5*r + 5*f + 3100 = 0, 7*r = 4*r + f + 1852. What is the units digit of r?
6
Suppose -m + 537 = 119. What is the hundreds digit of m?
4
Let t be ((-15)/12)/((-21)/(-12) + -2). Let g(d) = 7*d - 15. What is the units digit of g(t)?
0
Suppose 5*z - 